{"id":3579,"date":"2015-02-09T11:50:13","date_gmt":"2015-02-09T13:50:13","guid":{"rendered":"http:\/\/musaspublishers.com\/ecu\/?page_id=3579"},"modified":"2025-11-13T19:10:24","modified_gmt":"2025-11-13T22:10:24","slug":"concurso-hace-cine","status":"publish","type":"page","link":"https:\/\/ecu.edu.uy\/sitioweb\/concurso-hace-cine\/","title":{"rendered":"Concurso Hac\u00e9 Cine"},"content":{"rendered":"<p><img loading=\"lazy\" class=\"alignnone size-full wp-image-9449\" src=\"https:\/\/ecu.edu.uy\/wp-content\/uploads\/2024\/11\/EncabezadoHaceCine.jpg\" alt=\"\" width=\"1121\" height=\"181\" srcset=\"https:\/\/ecu.edu.uy\/wp-content\/uploads\/2024\/11\/EncabezadoHaceCine.jpg 1121w, https:\/\/ecu.edu.uy\/wp-content\/uploads\/2024\/11\/EncabezadoHaceCine-300x48.jpg 300w, https:\/\/ecu.edu.uy\/wp-content\/uploads\/2024\/11\/EncabezadoHaceCine-1024x165.jpg 1024w, https:\/\/ecu.edu.uy\/wp-content\/uploads\/2024\/11\/EncabezadoHaceCine-768x124.jpg 768w\" sizes=\"(max-width: 1121px) 100vw, 1121px\" \/><\/p>\n<p>La <strong>Escuela de Cine del Uruguay<\/strong> cre\u00f3 el <strong>Concurso Hac\u00e9 Cine<\/strong> con la intenci\u00f3n de fomentar la creatividad audiovisual y de brindar la posibilidad de acceder a la <strong>Carrera de Realizaci\u00f3n Cinematogr\u00e1fica<\/strong>. El primer premio del concurso es una <strong>beca total para la Carrera<\/strong>, el segundo premio es una <strong>beca del 50% para toda la Carrera<\/strong>, y el tercer premio es una <strong>beca para un curso o taller extracurricular<\/strong> a elecci\u00f3n.<\/p>\n<p>La participaci\u00f3n en el concurso es mediante la creaci\u00f3n de <strong>un cortometraje de un minuto de duraci\u00f3n<\/strong>, en cualquier formato o t\u00e9cnica audiovisual. El jurado designado por la ECU selecciona cinco finalistas, a quienes se convoca a una entrevista personal donde se exploran sus motivaciones, su convicci\u00f3n respecto a cursar la Carrera de Realizaci\u00f3n, y la necesidad de acceder a la beca. Es luego de estas entrevistas que se seleccionan las o los ganadores.<\/p>\n<p>La recepci\u00f3n de trabajos se abre en el mes de<strong> diciembre <\/strong>de cada a\u00f1o y el fallo se da a conocer en <strong>febrero<\/strong>.<\/p>\n<p><a href=\"https:\/\/ecu.edu.uy\/wp-content\/uploads\/2025\/11\/BASES-Concurso-Hace-Cine-2026.pdf\" target=\"_blank\" rel=\"noopener\"><strong>Leer y descargar las bases completas 2026<\/strong><\/a><\/p>\n","protected":false},"excerpt":{"rendered":"<p>La Escuela de Cine del Uruguay cre&oacute; el Concurso Hac&eacute; Cine con la intenci&oacute;n de fomentar la creatividad audiovisual y de brindar la posibilidad de acceder a la Carrera de Realizaci&oacute;n Cinematogr&aacute;fica. El primer premio del concurso es una beca total para la Carrera, el segundo premio es una beca del 50% para toda la&#8230; <\/p>\n<div class=\"clear\"><\/div>\n<p><a href=\"https:\/\/ecu.edu.uy\/sitioweb\/concurso-hace-cine\/\" class=\"gdlr-button with-border excerpt-read-more\">Leer mas<\/a><\/p>\n","protected":false},"author":3,"featured_media":0,"parent":0,"menu_order":0,"comment_status":"closed","ping_status":"closed","template":"","meta":[],"_links":{"self":[{"href":"https:\/\/ecu.edu.uy\/sitioweb\/wp-json\/wp\/v2\/pages\/3579"}],"collection":[{"href":"https:\/\/ecu.edu.uy\/sitioweb\/wp-json\/wp\/v2\/pages"}],"about":[{"href":"https:\/\/ecu.edu.uy\/sitioweb\/wp-json\/wp\/v2\/types\/page"}],"author":[{"embeddable":true,"href":"https:\/\/ecu.edu.uy\/sitioweb\/wp-json\/wp\/v2\/users\/3"}],"replies":[{"embeddable":true,"href":"https:\/\/ecu.edu.uy\/sitioweb\/wp-json\/wp\/v2\/comments?post=3579"}],"version-history":[{"count":31,"href":"https:\/\/ecu.edu.uy\/sitioweb\/wp-json\/wp\/v2\/pages\/3579\/revisions"}],"predecessor-version":[{"id":9683,"href":"https:\/\/ecu.edu.uy\/sitioweb\/wp-json\/wp\/v2\/pages\/3579\/revisions\/9683"}],"wp:attachment":[{"href":"https:\/\/ecu.edu.uy\/sitioweb\/wp-json\/wp\/v2\/media?parent=3579"}],"curies":[{"name":"wp","href":"https:\/\/api.w.org\/{rel}","templated":true}]}}