{"id":3693,"date":"2015-02-12T23:31:00","date_gmt":"2015-02-13T01:31:00","guid":{"rendered":"http:\/\/musaspublishers.com\/ecu\/?page_id=3693"},"modified":"2021-07-21T17:40:01","modified_gmt":"2021-07-21T20:40:01","slug":"becas-parciales","status":"publish","type":"page","link":"https:\/\/ecu.edu.uy\/sitioweb\/becas-parciales\/","title":{"rendered":"Becas Parciales"},"content":{"rendered":"<p>Adem\u00e1s del <strong><a href=\"http:\/\/ecu.edu.uy\/concurso-hace-cine\/\">Concurso Hac\u00e9 Cine<\/a><\/strong>, la ECU ofrece un muy limitado n\u00famero de <strong>becas parciales<\/strong> (de hasta el 50% de la cuota mensual) para ingresar a la <a href=\"http:\/\/ecu.edu.uy\/sitioweb\/carrera-de-realizacion-cinematografica\/\"><strong>Carrera de Realizaci\u00f3n Cinematogr\u00e1fica<\/strong><\/a>. Las mismas se otorgan a trav\u00e9s de un riguroso proceso de evaluaci\u00f3n, donde se tienen en cuenta tanto la <strong>escolaridad previa de excelencia<\/strong> como la <strong>motivaci\u00f3n personal para estudiar cine en la ECU<\/strong> y una <strong>declaraci\u00f3n jurada de ingresos certificada por escribano p\u00fablico<\/strong>.<\/p>\n<p>El per\u00edodo para solicitar dichas becas se abre en <strong>noviembre <\/strong>y cierra el \u00faltimo d\u00eda h\u00e1bil del mes de <strong>enero<\/strong>. Las becas de ingreso se otorgan \u00fanicamente hasta el t\u00e9rmino del primer a\u00f1o de la carrera. La renovaci\u00f3n de la beca a partir del segundo a\u00f1o depender\u00e1 del rendimiento acad\u00e9mico del estudiante, del compromiso demostrado con la carrera, y de la presentaci\u00f3n de una declaraci\u00f3n jurada de ingresos actualizada.<\/p>\n<p>Por m\u00e1s informaci\u00f3n comunicate con nosotros a trav\u00e9s de nuestro <a href=\"http:\/\/ecu.edu.uy\/contact-page\/\" target=\"_blank\" rel=\"noopener noreferrer\">formulario de contacto<\/a>.<\/p>\n","protected":false},"excerpt":{"rendered":"<p>Adem&aacute;s del Concurso Hac&eacute; Cine, la ECU ofrece un muy limitado n&uacute;mero de becas parciales (de hasta el 50% de la cuota mensual) para ingresar a la Carrera de Realizaci&oacute;n Cinematogr&aacute;fica. Las mismas se otorgan a trav&eacute;s de un riguroso proceso de evaluaci&oacute;n, donde se tienen en cuenta tanto la escolaridad previa de excelencia como&#8230; <\/p>\n<div class=\"clear\"><\/div>\n<p><a href=\"https:\/\/ecu.edu.uy\/sitioweb\/becas-parciales\/\" class=\"gdlr-button with-border excerpt-read-more\">Leer mas<\/a><\/p>\n","protected":false},"author":3,"featured_media":0,"parent":0,"menu_order":0,"comment_status":"closed","ping_status":"closed","template":"","meta":[],"_links":{"self":[{"href":"https:\/\/ecu.edu.uy\/sitioweb\/wp-json\/wp\/v2\/pages\/3693"}],"collection":[{"href":"https:\/\/ecu.edu.uy\/sitioweb\/wp-json\/wp\/v2\/pages"}],"about":[{"href":"https:\/\/ecu.edu.uy\/sitioweb\/wp-json\/wp\/v2\/types\/page"}],"author":[{"embeddable":true,"href":"https:\/\/ecu.edu.uy\/sitioweb\/wp-json\/wp\/v2\/users\/3"}],"replies":[{"embeddable":true,"href":"https:\/\/ecu.edu.uy\/sitioweb\/wp-json\/wp\/v2\/comments?post=3693"}],"version-history":[{"count":10,"href":"https:\/\/ecu.edu.uy\/sitioweb\/wp-json\/wp\/v2\/pages\/3693\/revisions"}],"predecessor-version":[{"id":8144,"href":"https:\/\/ecu.edu.uy\/sitioweb\/wp-json\/wp\/v2\/pages\/3693\/revisions\/8144"}],"wp:attachment":[{"href":"https:\/\/ecu.edu.uy\/sitioweb\/wp-json\/wp\/v2\/media?parent=3693"}],"curies":[{"name":"wp","href":"https:\/\/api.w.org\/{rel}","templated":true}]}}