{"id":7506,"date":"2020-07-02T19:40:21","date_gmt":"2020-07-02T22:40:21","guid":{"rendered":"https:\/\/ecu.edu.uy\/sitioweb\/?page_id=7506"},"modified":"2026-02-05T16:24:38","modified_gmt":"2026-02-05T19:24:38","slug":"nuestra-sede","status":"publish","type":"page","link":"https:\/\/ecu.edu.uy\/sitioweb\/nuestra-sede\/","title":{"rendered":"Nuestra sede"},"content":{"rendered":"<p>En febrero de 2020, coincidiendo con su 25 aniversario, la <strong>Escuela de Cine del Uruguay (ECU)<\/strong> se mud\u00f3 a su nueva sede en <strong>Peatonal Sarand\u00ed 528<\/strong> entre Ituzaing\u00f3 y Treinta y Tres, a metros de la Plaza Matr\u00edz (Ciudad Vieja). Se trata de un hermoso edificio hist\u00f3rico, con un total de <strong>1.100 metros cuad<\/strong><strong>rados <\/strong>distribuidos en dos plantas y un entrepiso.<\/p>\n<p><strong>Historia y legado<\/strong><strong><img loading=\"lazy\" class=\"wp-image-7512 alignleft\" src=\"https:\/\/ecu.edu.uy\/wp-content\/uploads\/2020\/07\/Hall.jpg\" alt=\"\" width=\"387\" height=\"411\" srcset=\"https:\/\/ecu.edu.uy\/wp-content\/uploads\/2020\/07\/Hall.jpg 1200w, https:\/\/ecu.edu.uy\/wp-content\/uploads\/2020\/07\/Hall-283x300.jpg 283w, https:\/\/ecu.edu.uy\/wp-content\/uploads\/2020\/07\/Hall-965x1024.jpg 965w, https:\/\/ecu.edu.uy\/wp-content\/uploads\/2020\/07\/Hall-768x815.jpg 768w\" sizes=\"(max-width: 387px) 100vw, 387px\" \/><\/strong><\/p>\n<p>La construcci\u00f3n inicial del edificio data de 1912, y estuvo a cargo del <strong>Arq. Leopoldo Peluffo<\/strong>, quien la dise\u00f1\u00f3 en Francia a pedido de la familia Ferreira, abuelos maternos del actor, escritor y guionista <strong>Antonio \u201c<\/strong><strong>Taco\u201d Larreta<\/strong> (1922-2015). La inauguraci\u00f3n de la casa se realiz\u00f3 con la celebraci\u00f3n del matrimonio de sus padres, en 1918, y su infancia all\u00ed est\u00e1 narrada en su novela <a href=\"https:\/\/ecu.edu.uy\/sitioweb\/el-jardin-de-invierno\/\"><strong>\u201cEl jard\u00edn de invierno\u201d<\/strong><\/a>, publicada en 2002. Luego la propiedad fue adquirida por la empresa CUTCSA en 1943. Si bien algunas \u00e1reas de la casa fueron reconstruidas, se mantienen varias habitaciones con su estilo original, conserv\u00e1ndose los revestimientos y decorados de \u00e9poca.<\/p>\n<p>De acuerdo con la evaluaci\u00f3n arquitect\u00f3nica realizada por la Intendencia de Montevideo y la Sociedad de Arquitectos del Uruguay para el Inventario del Patrimonio Arquitect\u00f3nico de la Ciudad Vieja, se trata de un excepcional edificio de las primeras d\u00e9cadas del siglo XX, de gran riqueza formal y material y notable calidad de ejecuci\u00f3n, y es considerado el hito arquitect\u00f3nico del entorno lateral de la Catedral.<\/p>\n<p>Se encuentra adem\u00e1s en una zona de gran valor tur\u00edstico, patrimonial y cultural de la ciudad. De esta manera, la ECU se integra a un circuito de instituciones culturales, tanto p\u00fablicas como privadas, que incluye al Museo Gurvich, el Museo Hist\u00f3rico Cabildo, el Centro Cultural de Espa\u00f1a, el Auditorio Nacional del SODRE, el Instituto Nacional de Artes Esc\u00e9nicas, el Museo Torres Garc\u00eda, el Teatro Sol\u00eds y la propia Cinemateca Uruguaya.<\/p>\n<p><strong>Distribuci\u00f3n y \u00e1reas<\/strong><\/p>\n<p>La nueva sede de la ECU cuenta con 1.100 metros cuadrados distribuidos en ocho salones, tres de ellos de gran tama\u00f1o y uno para postproducci\u00f3n; una oficina para cada \u00e1rea acad\u00e9mica y administrativa (bedel\u00eda, coordinaci\u00f3n, administraci\u00f3n, producci\u00f3n, postproducci\u00f3n y t\u00e9cnica), biblioteca, laboratorio de fotograf\u00eda, un sal\u00f3n\/estudio de 70 metros cuadrados, \u00e1rea t\u00e9cnica, dep\u00f3sitos, cocina y cinco ba\u00f1os.<\/p>\n<p>Un gran cambio que se ve reflejado en los servicios y cursos que ofrece la escuela y en nuevas oportunidades de crecimiento.<\/p>\n<p>&nbsp;<\/p>\n<p><img loading=\"lazy\" class=\"alignnone wp-image-7645\" src=\"https:\/\/ecu.edu.uy\/wp-content\/uploads\/2020\/08\/Cartel-Distribucion-ECU_web-1.png\" alt=\"\" width=\"759\" height=\"397\" srcset=\"https:\/\/ecu.edu.uy\/wp-content\/uploads\/2020\/08\/Cartel-Distribucion-ECU_web-1.png 1200w, https:\/\/ecu.edu.uy\/wp-content\/uploads\/2020\/08\/Cartel-Distribucion-ECU_web-1-300x157.png 300w, https:\/\/ecu.edu.uy\/wp-content\/uploads\/2020\/08\/Cartel-Distribucion-ECU_web-1-1024x535.png 1024w, https:\/\/ecu.edu.uy\/wp-content\/uploads\/2020\/08\/Cartel-Distribucion-ECU_web-1-768x401.png 768w\" sizes=\"(max-width: 759px) 100vw, 759px\" \/><\/p>\n<p><a href=\"http:\/\/inventariociudadvieja.montevideo.gub.uy\/padrones\/4291\" target=\"_blank\" rel=\"noopener noreferrer\"><strong>Ver m\u00e1s datos en el Inventario del patrimonio arquitect\u00f3nico y urban\u00edstico de la Ciudad Vieja<\/strong><\/a><\/p>\n<p><a href=\"https:\/\/www.montevideoantiguo.net\/casa-cutcsa\/\" target=\"_blank\" rel=\"noopener noreferrer\"><strong>Ver m\u00e1s informaci\u00f3n y fotos hist\u00f3ricas<\/strong><\/a><\/p>\n","protected":false},"excerpt":{"rendered":"<p>En febrero de 2020, coincidiendo con su 25 aniversario, la Escuela de Cine del Uruguay (ECU) se mud&oacute; a su nueva sede en Peatonal Sarand&iacute; 528 entre Ituzaing&oacute; y Treinta y Tres, a metros de la Plaza Matr&iacute;z (Ciudad Vieja). Se trata de un hermoso edificio hist&oacute;rico, con un total de 1.100 metros cuadrados distribuidos&#8230; <\/p>\n<div class=\"clear\"><\/div>\n<p><a href=\"https:\/\/ecu.edu.uy\/sitioweb\/nuestra-sede\/\" class=\"gdlr-button with-border excerpt-read-more\">Leer mas<\/a><\/p>\n","protected":false},"author":2,"featured_media":0,"parent":0,"menu_order":0,"comment_status":"closed","ping_status":"closed","template":"","meta":[],"_links":{"self":[{"href":"https:\/\/ecu.edu.uy\/sitioweb\/wp-json\/wp\/v2\/pages\/7506"}],"collection":[{"href":"https:\/\/ecu.edu.uy\/sitioweb\/wp-json\/wp\/v2\/pages"}],"about":[{"href":"https:\/\/ecu.edu.uy\/sitioweb\/wp-json\/wp\/v2\/types\/page"}],"author":[{"embeddable":true,"href":"https:\/\/ecu.edu.uy\/sitioweb\/wp-json\/wp\/v2\/users\/2"}],"replies":[{"embeddable":true,"href":"https:\/\/ecu.edu.uy\/sitioweb\/wp-json\/wp\/v2\/comments?post=7506"}],"version-history":[{"count":14,"href":"https:\/\/ecu.edu.uy\/sitioweb\/wp-json\/wp\/v2\/pages\/7506\/revisions"}],"predecessor-version":[{"id":9724,"href":"https:\/\/ecu.edu.uy\/sitioweb\/wp-json\/wp\/v2\/pages\/7506\/revisions\/9724"}],"wp:attachment":[{"href":"https:\/\/ecu.edu.uy\/sitioweb\/wp-json\/wp\/v2\/media?parent=7506"}],"curies":[{"name":"wp","href":"https:\/\/api.w.org\/{rel}","templated":true}]}}