{"id":7768,"date":"2020-12-17T16:29:18","date_gmt":"2020-12-17T19:29:18","guid":{"rendered":"https:\/\/ecu.edu.uy\/sitioweb\/?page_id=7768"},"modified":"2024-11-07T18:52:25","modified_gmt":"2024-11-07T21:52:25","slug":"adolescentes","status":"publish","type":"page","link":"https:\/\/ecu.edu.uy\/sitioweb\/adolescentes\/","title":{"rendered":"Creaci\u00f3n y Cine para Adolescentes"},"content":{"rendered":"<p><img loading=\"lazy\" class=\"alignnone size-full wp-image-9440\" src=\"https:\/\/ecu.edu.uy\/wp-content\/uploads\/2024\/11\/EncabezadoLaAventura.jpg\" alt=\"\" width=\"1121\" height=\"181\" srcset=\"https:\/\/ecu.edu.uy\/wp-content\/uploads\/2024\/11\/EncabezadoLaAventura.jpg 1121w, https:\/\/ecu.edu.uy\/wp-content\/uploads\/2024\/11\/EncabezadoLaAventura-300x48.jpg 300w, https:\/\/ecu.edu.uy\/wp-content\/uploads\/2024\/11\/EncabezadoLaAventura-1024x165.jpg 1024w, https:\/\/ecu.edu.uy\/wp-content\/uploads\/2024\/11\/EncabezadoLaAventura-768x124.jpg 768w\" sizes=\"(max-width: 1121px) 100vw, 1121px\" \/><\/p>\n<p>La <strong>Escuela de Cine del Uruguay (ECU)<\/strong> presenta su propuesta para adolescentes: <strong>La Aventura<\/strong>. Se trata de un espacio de encuentro para adolescentes de entre 12 y 17 a\u00f1os (edad liceal), una experiencia l\u00fadica y de sensibilizaci\u00f3n creativa para compartir la alegr\u00eda de mirar, pensar y crear en torno al cine. La Coordinaci\u00f3n est\u00e1 a cargo de la realizadora y docente <strong>Jazm\u00edn Hamawi<\/strong>, egresada de la Carrera de Realizaci\u00f3n Cinematogr\u00e1fica de la ECU. <strong>El inicio est\u00e1 previsto para el mes de abril.<\/strong><\/p>\n<p style=\"text-align: right;\"><em>\u201cSolo existe el impulso, un punto impulsivo por el cual la manzana comienza a crecer en lo profundo, en la semilla, y despu\u00e9s de a poco m\u00e1s y m\u00e1s. (&#8230;) Hay que ser lo que se es y serlo plenamente como la naturaleza&#8221; <\/em>Jonas Mekas (cineasta)<\/p>\n<p><strong>La Aventura<\/strong> es un espacio de encuentro para adolescentes de entre 12 y 17 a\u00f1os, una experiencia l\u00fadica y de sensibilizaci\u00f3n creativa para compartir la alegr\u00eda de mirar, pensar y crear en torno al cine.<\/p>\n<p><strong>La Aventura<\/strong> propone una formaci\u00f3n integral que entienda el cine como un arte que atraviesa y es atravesado por todas las artes. Cada s\u00e1bado exploraremos diversas formas de expresi\u00f3n y creaci\u00f3n art\u00edstica vinculadas al cine, nos plantearemos desaf\u00edos cinematogr\u00e1ficos, veremos y debatiremos muchas pel\u00edculas y otros materiales audiovisuales. Adem\u00e1s, contaremos con invitades que compartir\u00e1n su amor por el cine y el arte, visitaremos otros espacios de la zona que nos inspiren (museos, teatros, galer\u00edas y centros culturales), escucharemos y miraremos con atenci\u00f3n para descubrir nuevos sonidos, luces, colores y texturas, y a partir de ellos escribiremos nuevas historias, navegando entre lo real y lo ficcional.<\/p>\n<p>Se trata esencialmente de un espacio de confianza y de escucha, en el cual compartir y reflexionar sobre c\u00f3mo nos sentimos para crear a partir de lo que nos sucede y de la realidad que nos rodea. Un espacio donde experimentar procesos de construcci\u00f3n colectiva que se nutran de la diversidad del grupo, incentivando nuestras miradas y puntos de vista particulares.<\/p>\n<p><strong>La Aventura<\/strong> cuenta con cinco m\u00f3dulos tem\u00e1ticos (<strong>Realizaci\u00f3n &#8211; <\/strong><strong>Laboratorios &#8211; <\/strong><strong>Cine Foro &#8211; <\/strong><strong>Visitantes &#8211; <\/strong><strong>Salidas<\/strong>) que se van intercalando a lo largo del a\u00f1o, cada uno con sus propias din\u00e1micas y propuestas particulares pero con el mismo objetivo: incentivar la imaginaci\u00f3n, la curiosidad, la reflexi\u00f3n, la experimentaci\u00f3n, el intercambio y la sensibilidad.<\/p>\n<p><strong>Coordinaci\u00f3n: <a href=\"https:\/\/ecu.edu.uy\/sitioweb\/author\/jazminh\/\">Jazm\u00edn Hamawi<\/a><\/strong><\/p>\n<p>Egresada de la Carrera de Realizaci\u00f3n Cinematogr\u00e1fica de la ECU (Generaci\u00f3n 2009). Es fot\u00f3grafa y realizadora con experiencia en el \u00e1rea de formaci\u00f3n audiovisual. Ha trabajado como educadora en instituciones como CLAEH, ECU, diversas escuelas p\u00fablicas de Uruguay, Programa Infancia de Abrojo, Secretar\u00eda de Personas Mayores y de Juventud de la Intendencia de Montevideo.<\/p>\n<p><strong><a href=\"https:\/\/ecu.edu.uy\/wp-content\/uploads\/2024\/11\/La-Aventura-ECU-2025.pdf\" target=\"_blank\" rel=\"noopener\">Descargar Dossier informativo (pdf)<\/a><\/strong><\/p>\n<p><strong>D\u00edas y horarios<\/strong>: s\u00e1bados de 10 a 14 horas \u2013 Abril a Noviembre<\/p>\n<p><strong>Requisitos de ingreso:<\/strong><\/p>\n<p>\u2022 Una foto carn\u00e9 y una foto carn\u00e9 digital (enviar a academica@ecu.edu.uy)<br \/>\n\u2022 Copia del documento de identidad<br \/>\n\u2022 Copia de vacuna antitet\u00e1nica vigente<br \/>\n\u2022 Comprobante de pago de la matr\u00edcula de inscripci\u00f3n (dep\u00f3sito o transferencia bancaria)<\/p>\n<p><strong>Por m\u00e1s informaci\u00f3n, agendar una entrevista informativa o inscripciones:<\/strong><\/p>\n<p>info@ecu.edu.uy \/ 2916 9760 \/ WhatsApp 092 893827 (lunes a viernes de 14 a 21 horas).<\/p>\n","protected":false},"excerpt":{"rendered":"<p>La Escuela de Cine del Uruguay (ECU) presenta su propuesta para adolescentes: La Aventura. Se trata de un espacio de encuentro para adolescentes de entre 12 y 17 a&ntilde;os (edad liceal), una experiencia l&uacute;dica y de sensibilizaci&oacute;n creativa para compartir la alegr&iacute;a de mirar, pensar y crear en torno al cine. La Coordinaci&oacute;n est&aacute; a&#8230; <\/p>\n<div class=\"clear\"><\/div>\n<p><a href=\"https:\/\/ecu.edu.uy\/sitioweb\/adolescentes\/\" class=\"gdlr-button with-border excerpt-read-more\">Leer mas<\/a><\/p>\n","protected":false},"author":2,"featured_media":0,"parent":0,"menu_order":0,"comment_status":"closed","ping_status":"closed","template":"","meta":[],"_links":{"self":[{"href":"https:\/\/ecu.edu.uy\/sitioweb\/wp-json\/wp\/v2\/pages\/7768"}],"collection":[{"href":"https:\/\/ecu.edu.uy\/sitioweb\/wp-json\/wp\/v2\/pages"}],"about":[{"href":"https:\/\/ecu.edu.uy\/sitioweb\/wp-json\/wp\/v2\/types\/page"}],"author":[{"embeddable":true,"href":"https:\/\/ecu.edu.uy\/sitioweb\/wp-json\/wp\/v2\/users\/2"}],"replies":[{"embeddable":true,"href":"https:\/\/ecu.edu.uy\/sitioweb\/wp-json\/wp\/v2\/comments?post=7768"}],"version-history":[{"count":21,"href":"https:\/\/ecu.edu.uy\/sitioweb\/wp-json\/wp\/v2\/pages\/7768\/revisions"}],"predecessor-version":[{"id":9441,"href":"https:\/\/ecu.edu.uy\/sitioweb\/wp-json\/wp\/v2\/pages\/7768\/revisions\/9441"}],"wp:attachment":[{"href":"https:\/\/ecu.edu.uy\/sitioweb\/wp-json\/wp\/v2\/media?parent=7768"}],"curies":[{"name":"wp","href":"https:\/\/api.w.org\/{rel}","templated":true}]}}